base 9, what is 1842 + 2?
1844
In base 11, what is 414127 - -5?
414131
In base 5, what is 3 + 2134?
2142
In base 3, what is 1 + 22011010?
22011011
In base 11, what is 1a - -506?
525
In base 7, what is 4 + 650503?
650510
In base 10, what is 571342 - -1?
571343
In base 12, what is 5548 - 7?
5541
In base 7, what is -551 + 21645?
21064
In base 15, what is 8 - -36290?
36298
In base 6, what is -223 + 1334?
1111
In base 15, what is -299 + 62?
-237
In base 5, what is -3 - 214042?
-214100
In base 4, what is -102 + -200311?
-201013
In base 5, what is -32002202 + -10?
-32002212
In base 15, what is b65c - -5?
b662
In base 15, what is -2 - -11e76?
11e74
In base 5, what is -32424302 - -4?
-32424243
In base 11, what is 312 + 1165?
1477
In base 11, what is 19778 + 151?
19919
In base 3, what is -1102021220002 + 0?
-1102021220002
In base 15, what is -4 - 9002?
-9006
In base 12, what is 18772 + -4?
1876a
In base 5, what is -12233123 - -143?
-12232430
In base 16, what is e6 + -1ed?
-107
In base 3, what is -111 - -2001120212?
2001120101
In base 3, what is 120 - 10002122?
-10002002
In base 14, what is 62 + 2d5d?
2dc1
In base 12, what is 2a1b9 - 0?
2a1b9
In base 5, what is 101 + -20220?
-20114
In base 11, what is 74404 - 0?
74404
In base 10, what is 420 + 4129?
4549
In base 9, what is -86000 - -6?
-85883
In base 2, what is -10000101100001 - -10010?
-10000101001111
In base 7, what is 20206 + -2?
20204
In base 9, what is 1165 - -40?
1215
In base 5, what is -40 + 41022?
40432
In base 14, what is 67a06 + -6?
67a00
In base 13, what is 23 + 1c29?
1c4c
In base 8, what is -46575 - -2?
-46573
In base 4, what is 2 - 130111?
-130103
In base 4, what is 2300201333 - -2?
2300202001
In base 12, what is 251494 + 5?
251499
In base 5, what is 1401413 + -1?
1401412
In base 7, what is 50 - 5333?
-5253
In base 7, what is 11101 - 100?
11001
In base 3, what is 20 - -12201120222?
12201121012
In base 10, what is -68 - -3726?
3658
In base 12, what is -12725 + a?
-12717
In base 15, what is 4737 - 0?
4737
In base 14, what is -a - -6da3?
6d97
In base 4, what is -2311330023 - 10?
-2311330033
In base 9, what is 217 + -305?
-77
In base 14, what is 6 + -36ad2?
-36aca
In base 10, what is -10 - -580062?
580052
In base 14, what is 1712 + 5?
1717
In base 15, what is 6 + 1217?
121d
In base 6, what is -3420442 - -11?
-3420431
In base 14, what is -3011 - 57?
-3068
In base 16, what is 80 - -dd?
15d
In base 12, what is -4 - a9817?
-a981b
In base 12, what is -25615 - 5?
-2561a
In base 8, what is 3 + -213054?
-213051
In base 11, what is -864575 + 4?
-864571
In base 14, what is -16 - 7022?
-7038
In base 9, what is -304604 - 1?
-304605
In base 9, what is -10 - 243601?
-243611
In base 8, what is 4 - -54077?
54103
In base 9, what is -1 - -22821?
22820
In base 5, what is 104410 + 2?
104412
In base 13, what is -1 + -690c?
-6910
In base 5, what is 1221 - -22301?
24022
In base 14, what is -4d99 + -4?
-4d9d
In base 4, what is -22001223 + 2?
-22001221
In base 2, what is -1110100 + 10110001110?
10100011010
In base 13, what is -11 - -72?
61
In base 6, what is 10310101 + -2?
10310055
In base 6, what is -435034 - 2?
-435040
In base 15, what is 3b5b1 - -3?
3b5b4
In base 8, what is 32 + 4034?
4066
In base 3, what is -1101112 - 1222?
-1110111
In base 10, what is 1869 + -419?
1450
In base 12, what is -332446 + -5?
-33244b
In base 13, what is 13cb70 - 2?
13cb6b
In base 7, what is 30 - 3601?
-3541
In base 3, what is -1 + 102200011001?
102200011000
In base 14, what is 4 + 4a3d?
4a43
In base 11, what is -1 + -19358?
-19359
In base 6, what is 213014452 - 3?
213014445
In base 13, what is -407b + 295?
-3ab6
In base 14, what is 60136 + 0?
60136
In base 9, what is -62 + -35562?
-35634
In base 10, what is 16156 + 14?
16170
In base 4, what is 123220010 + 31?
123220101
In base 16, what is -4859a + -18?
-485b2
In base 10, what is -102 + -51?
-153
In base 6, what is 50354 - -4?
50402
In base 14, what is -10887 - 1?
-10888
In base 7, what is 13356642 + 2?
13356644
In base 13, what is -115 - -157?
42
In base 9, what is -30541 - -108?
-30432
In base 5, what is 44333 - 241?
44042
In base 7, what is -4 + -25120?
-25124
In base 9, what is -35156 + 0?
-35156
In base 6, what is 3305201 + -2?
3305155
In base 10, what is 7184 + -2?
7182
In base 3, what is 220011 + -121122?
21112
In base 2, what is -1001 - 1100010010100000010?
-1100010010100001011
In base 13, what is 48 + 1ac5?
1b40
In base 10, what is 26 + -97415?
-97389
In base 15, what is -2 + -311a?
-311c
In base 16, what is -9a - 2a1?
-33b
In base 14, what is 5 - 2bd85?
-2bd80
In base 6, what is 1004 + -2353?
-1345
In base 16, what is -1 + 3cecd?
3cecc
In base 11, what is -12 - -2450?
2439
In base 12, what is -159 + -103?
-260
In base 2, what is -100100101001111011 - 1?
-100100101001111100
In base 4, what is 3002203233 + -10?
3002203223
In base 2, what is -1101101111 + 11101?
-1101010010
In base 4, what is -3 - 101112112?
-101112121
In base 12, what is 50035 - -10?
50045
In base 12, what is -5 - -11467?
11462
In base 8, what is -163672 - -5?
-163665
In base 7, what is 652404 - -1?
652405
In base 10, what is 1518 + -16?
1502
In base 12, what is b5b70 + -6?
b5b66
In base 3, what is -1122 - 202202?
-211101
In base 9, what is 15 + 33132?
33147
In base 9, what is 3164 - -467?
3642
In base 9, what is 1537 + 1?
1538
In base 3, what is -2102200 + -202?
-2110102
In base 4, what is -122 - -13322?
13200
In base 8, what is 10115 + -123?
7772
In base 13, what is -5 + 707?
702
In base 7, what is 10464 - -25?
10522
In base 8, what is 132 - 7?
123
In base 15, what is -3e - -1b0?
171
In base 9, what is -2 + 1814636?
1814634
In base 3, what is -21110000110 - 12?
-21110000122
In base 9, what is 362254 - 1?
362253
In base 6, what is -33320 - -2020?
-31300
In base 4, what is 332020 + -333?
331021
In base 2, what is -111101001000 - -1110?
-111100111010
In base 5, what is -3334301 + 1?
-3334300
In base 5, what is 1221332 + -14?
1221313
In base 7, what is -15 + -254522?
-254540
In base 16, what is -68 - -171a?
16b2
In base 14, what is 808177 + -1?
808176
In base 3, what is -101110 + 2022?
-22011
In base 15, what is 1286b + -3?
12868
In base 6, what is 24 - -43050?
43114
In base 7, what is 16441 - 402?
16036
In base 10, what is 181 - -4732?
4913
In base 8, what is -10027240 - -3?
-10027235
In base 11, what is -3 - -1641?
1639
In base 3, what is 12111 - -21210000?
21222111
In base 7, what is 256632 - 1?
256631
In base 6, what is 2 - -24552?
24554
In base 6, what is -525203 - -3?
-525200
In base 14, what is 377 - -7?
380
In base 7, what is 343 - 2502?
-2126
In base 6, what is 132252 + 2?
132254
In base 12, what is 174 + a27?
b9b
In base 10, what is 28843 - -2?
28845
In base 14, what is 5 - -1618?
161d
In base 6, what is 5 + -2054243?
-2054234
In base 10, what is -4 + -579575?
-579579
In base 15, what is -3b + b3?
77
In base 3, what is -1 + 100200021111?
100200021110
In base 8, what is -1011526 + 1?
-1011525
In base 13, what is -148 - -15b?
13
In base 10, what is 6085 - 6?
6079
In base 13, what is 4 - b9?
-b5
In base 15, what is 4917 - 25?
48e2
In base 12, what is -6 - 4b0b1?
-4b0b7
In base 13, what is 3 - -18081?
18084
In base 12, what is 24343a + -8?
243432
In base 14, what is -48 + 140?
d6
In base 11, what is 158 + 481?
629
In base 14, what is 65 + 256c?
25d3
In base 10, what is -2618773 + 5?
-2618768
In base 7, what is 363 + -155?
205
In base 3, what is 101 + 112011?
112112
In base 2, what is 1101000001 - 111010001?
101110000
In base 13, what is 8c5 + 65?
95a
In base 13, what is -4 + 5b405?
5b401
In base 14, what is 66 - 6307?
-6281
In base 10, what is 3 - 2515?
-2512
In base 13, what is 160 - -82?
212
In base 13, what is 551c22 + 1?
551c23
In base 14, what is -5 - 37da9?
-37db0
In base 11, what is -7 + 2a789?
2a782
In base 8, what is -1 - 463135?
-463136
In base 3, what is -11 + -202200?
-202211
In base 15, what is -6 + 15215?
1520e
In base 12, what is -4 - -928?
924
In base 4, what is -2200033130 + 3?
-2200033121
In base 7, what is 4 + 14606212?
14606216
In base 8, what is -57515 + -154?
-57671
In base 6, what is 0 - 222530?
-222530
In base 14, what is -cc40 - -12?
-cc2c
In base 10, what is 5 + 17924?
17929
In base 8, what is -13771 - 15?
-14006
In base 2, what is 10000101 - -11010?
10011111
In base 10, what is -